me factors of n?
2, 3, 37
Suppose 2*z - g + 4*g = 10, 3*g = 6. What are the prime factors of z + 9 + (-1 - -2 - 0)?
2, 3
Let u be ((-4511)/(-39))/((-1)/(-3)). Suppose 3*z - 178 = -v, 5*z = 2*v + u - 54. Let h = 95 - z. List the prime factors of h.
2, 3
Let w be (30/7 - 2) + 16/(-56). Suppose 346 = w*a - 0. List the prime factors of a.
173
Suppose -15 = 3*x + s + 4, -2*x = -2*s + 2. Let v = x - -14. What are the prime factors of (-106)/(-8) + v/12?
2, 7
Suppose -2*u + 4*a = 6 + 2, -4*a = 2*u - 16. Let j be 0*-1*u/(-4). List the prime factors of (2 - 1 - -2) + j.
3
Suppose -5*t + 3*t + 1218 = -4*f, -5*t = 2*f - 3105. List the prime factors of t.
619
Let c(q) = 6*q**2 + 55*q + 80. What are the prime factors of c(-25)?
5, 491
Suppose 6*l = 5*l - 66. Let n be 4/(-3)*l/4. Let o = n - -8. What are the prime factors of o?
2, 3, 5
Let w be (-6)/4 - 2/4. Let i(r) be the third derivative of -r**6/60 + r**5/60 - r**4/12 - r**3/3 + 7*r**2. What are the prime factors of i(w)?
2, 11
What are the prime factors of -170*(-4)/24*3?
5, 17
Suppose -2*x = 4*j - 270 + 2, 3*x - 195 = -3*j. Let v = j + -42. Let l = -9 + v. List the prime factors of l.
2, 3
Let z(j) be the second derivative of -j**5/20 - 2*j**4/3 - j**3/3 - 3*j**2/2 + 10*j. List the prime factors of z(-8).
13
Let a(s) = s**3 - 9*s**2 - 8*s + 12. Let f be a(10). What are the prime factors of 0/10 + f/1?
2
Suppose -g - 4*d + 2153 = 0, g + d - 1357 = 784. What are the prime factors of g?
2137
Suppose -32*f + 10 = -27*f. Suppose -o - 615 = -6*o + f*w, -257 = -2*o + 3*w. What are the prime factors of o?
11
Let x(y) = -y - 5. Let w(j) be the third derivative of j**3/6 + 11*j**2. Let z(k) = 9*w(k) + 2*x(k). List the prime factors of z(-16).
31
What are the prime factors of 788*((-63)/126 - 5/(-2))?
2, 197
Let f = 885 + 2027. List the prime factors of f.
2, 7, 13
Let i = -68 - -139. Suppose l + 3*f = i, 9 = f + 2*f. What are the prime factors of l?
2, 31
Suppose -2*g - 5*n + 15 = 0, 0 = -4*g + 2*n + 24 + 66. Let p = -13 + g. List the prime factors of p.
7
Suppose 0 = 7*q - 2*q + 4*p - 1647, 0 = -2*q - 3*p + 656. Suppose 353 + q = 9*y. What are the prime factors of y?
2, 19
Let y(k) = -2*k + 3*k + 4 - k**2 - 5. Let m(z) = 2*z**2 - 6*z + 1. Let r(u) = -2*m(u) - 6*y(u). List the prime factors of r(-5).
2, 3
Suppose 0 = -2*t - 3*d + 551, -2*t + 2*d - 135 + 711 = 0. What are the prime factors of t?
283
Let z = 283 + -198. Let m = z + -44. List the prime factors of m.
41
Suppose -i + 5 = 0, 0 = 5*y - 3*i + 14 - 209. What are the prime factors of y?
2, 3, 7
Let x = -99 + 121. Suppose -16*f - 882 = -x*f. What are the prime factors of f?
3, 7
Let v(y) = 2*y + 19. Let f be v(-7). Suppose -2*w + 14 = -r + 52, -r = f*w - 45. List the prime factors of r.
2, 5
Suppose -3*s = -3*t + 2*s + 849, -5*t = 3*s - 1449. What are the prime factors of t?
2, 3
Suppose 3*p + 4 - 1 = 0. What are the prime factors of (-58)/p*4/8?
29
Let z(b) = 7*b - 19. Let a be z(3). Let l = 76 - 39. Suppose -a*v + 23 + l = 0. What are the prime factors of v?
2, 3, 5
Suppose -2*o + y = -442, 4*o - 4*y - 362 = 522. Suppose 6*d + o = 575. List the prime factors of d.
59
Let g be 2/((-8)/(-13))*24/3. Let f = g + 0. List the prime factors of f.
2, 13
Let t(v) = -v**2 + 12*v + 32. Let p be t(14). Suppose 0 = -p*q + 607 + 29. List the prime factors of q.
3, 53
Let l be (69/(-6) - 0)*-4. Suppose 2*t + 5*k = -l, -4*k - 62 = 4*t + 18. List the prime factors of ((-6)/9)/(1/t).
2, 3
Suppose 95*v = 96*v - 606. What are the prime factors of v?
2, 3, 101
Let x(o) = 4 + 3*o + 3 + 2 + 27. What are the prime factors of x(18)?
2, 3, 5
Let i = 67 + -19. Let p = 80 - i. What are the prime factors of p?
2
Let w = 66 - 122. Let t be w*2*6/(-7). Let a = t - 56. What are the prime factors of a?
2, 5
Suppose -4*z - 29 + 1 = 0. Let h be (-2)/z - (-38)/14. Suppose -2*u - u + 107 = 5*r, -3*u = h. List the prime factors of r.
2, 11
Let o = 31 - -9. Suppose 5*k + 10 = 7*k. Suppose 0 = a - k*a + o. List the prime factors of a.
2, 5
List the prime factors of (-8 + 6)*-122 + -5.
239
Let u(x) = -x**3 + 21*x**2 + 23*x + 29. Let n be u(22). What are the prime factors of 87 - (2/8 - n/12)?
7, 13
Let v(a) = a + 199. What are the prime factors of v(-7)?
2, 3
Let h(i) = -i**2 + 15*i - 5. Let o = -10 - -25. Let d be h(o). List the prime factors of (d + -15)*(-6)/3.
2, 5
Let i = 1 + 1. Suppose -i*z + 197 - 45 = 0. List the prime factors of z.
2, 19
List the prime factors of 1274 + -290 - (-1 - 0)*3.
3, 7, 47
Let r be (-2)/(-4)*7*2. Let q(p) = -3*p - 3*p + r*p**3 + 1 - p**2 - 8*p**3 + 8*p**2. List the prime factors of q(4).
5
Let q be 32/(-5)*(17 + -12). Let f = -26 - q. Let i(t) = t**2 - 5*t + 9. List the prime factors of i(f).
3, 5
Suppose 0*r = -3*r - 63. Let p be -1 + (-7)/(r/9). Suppose 0 = -5*h + 4*w + 125, -3*h = -p*w - 26 - 51. List the prime factors of h.
29
Let q(y) = 5*y**2 - 4*y + 4. Suppose 2*l - 3*j = 2 - 7, -25 = -4*l - j. Suppose 0 = -l*x + 2*x + 9. What are the prime factors of q(x)?
37
What are the prime factors of (20/6)/(((-4)/339)/(-2))?
5, 113
Suppose -2*v - 5 - 9 = 0. Let k = v + 7. Suppose k = -u + 13. List the prime factors of u.
13
Let y be 1 + 1536/4 + 3. Suppose -4*f = -2*k - y, -2*f - f + 291 = -k. List the prime factors of f.
97
Let t(f) = -3*f**3 - 6*f**2 - 3*f - 4. Let p be t(-4). Let a(d) = 2*d**2 + 32*d + 4. Let q be a(-13). Let g = q + p. List the prime factors of g.
2, 3, 5
Suppose 3*y - y = -86. Let i = 130 + y. List the prime factors of i.
3, 29
Let a(j) = -j**2 + 17*j + 22. Suppose 7*d - 2*d - 10 = 0. Let s be -3 + d - (-19 - -1). What are the prime factors of a(s)?
2, 11
List the prime factors of (216/(-27))/((-4)/478).
2, 239
Suppose -4*n = -4*j + 5*j - 29, 3*n + 2*j = 23. Suppose x - 63 - n = 0. What are the prime factors of x?
2, 5, 7
Suppose q + 6870 = 6*q - 3*i, -i = 4*q - 5513. List the prime factors of q.
3, 17
Suppose -9*g = -12*g + 15, -q = -2*g - 580. What are the prime factors of q?
2, 5, 59
Let j(f) = 11 + 2*f**2 + 11*f - 50*f**3 - 14*f**2 + 51*f**3. List the prime factors of j(11).
11
Let s = -203 + 617. What are the prime factors of s?
2, 3, 23
Suppose 0 = 3*f - 3*c, 2*f = -2*f - 3*c + 14. Let j = f + 0. Suppose i + 94 = 2*l, 3*l = l - j*i + 106. List the prime factors of l.
7
Let z(b) = 6*b**2 - 4*b - 13. List the prime factors of z(-7).
3, 103
Let y(j) be the first derivative of j**3/3 - j**2/2 + 5*j + 2. Let x be -3 - -4 - (-4)/((-4)/(-3)). What are the prime factors of y(x)?
17
Suppose 2*f = 2*g + 8712, 1 = -7*g + 6*g. What are the prime factors of f?
5, 13, 67
Let j = -16 - -21. List the prime factors of 124/j - (-68)/(-85).
2, 3
What are the prime factors of (-3079)/(-5) - (44/55)/(-4)?
2, 7, 11
Let l(q) be the second derivative of q**4/12 + 4*q**3/3 + 15*q**2/2 + 8*q. Let x = 15 - 23. List the prime factors of l(x).
3, 5
Let r be ((-4)/10)/(2/(-420)). Suppose -b + r = -3*b. Let f = b - -77. List the prime factors of f.
5, 7
Let i be (1 - 2)/(3/(-63)). What are the prime factors of 1500/(-175)*i/(-2)?
2, 3, 5
Suppose -4*c + 5*c - 3*b - 48 = 0, 5*c - 3*b - 216 = 0. Let q = c - 28. What are the prime factors of q?
2, 7
Let r = 3944 + -2296. What are the prime factors of r?
2, 103
Let y(j) = j**3 - 2*j**2. Let c(u) be the third derivative of -u**5/60 + u**4/24 - 5*u**2. Let m(r) = -6*c(r) - y(r). What are the prime factors of m(6)?
2, 3
Let w = 50 - 48. Suppose -2*c - 222 = -w*l + 112, 3*c = -4*l + 661. List the prime factors of l.
2, 83
Let j = -14 - -11. Let n(s) = 2*s**2 + 2*s + 4. Let u be n(j). Let q = -4 + u. List the prime factors of q.
2, 3
Suppose -120 = -5*v + 1155. List the prime factors of v.
3, 5, 17
Let w(y) = y**2 + 4*y - 17. Let f be w(4). List the prime factors of 1540/f + 1/3.
103
Let p(a) = -5 - 4 + 11*a + 11*a**2 + 5*a**3 - 4*a**3 + 1. List the prime factors of p(-8).
2, 3
Suppose -s + 1497 = -4*d, 8*d - 4*d = 2*s - 3014. List the prime factors of s.
37, 41
What are the prime factors of 667/7 - ((-230)/(-70) - 3)?
5, 19
What are the prime factors of (-7 - 933)/(-4) + 1 + 2?
2, 7, 17
Let p(c) = 12*c**3 - c**2 + 6*c - 5. Suppose -3 = 2*x + 3*s + 5, 4*x + 12 = -5*s. List the prime factors of p(x).
3, 11
Let u be (-12 + -72)*1*-1. Let s = -5 - -10. Suppose -5*t - 4*a = -u, -t - 2*t - s*a + 53 = 0. What are the prime fac